*y + 1889. Give c(15).
-391
Let h(f) = 2*f**2 + f - 2171. Give h(-33).
-26
Let k(l) = -29*l + 129. What is k(6)?
-45
Let v(m) = -357*m + 10414. Give v(29).
61
Let m(p) = 6*p + 122. Determine m(-17).
20
Let p(y) = 50*y**3 + 10*y**2 + 13*y + 1. Determine p(-1).
-52
Let p(a) = 19*a**2 - 102*a - 1. Calculate p(5).
-36
Let t(o) = -3*o**3 - 3*o**2 - 2*o - 7. Calculate t(3).
-121
Let v(t) = 2768*t - 27674. Determine v(10).
6
Let s(f) = -f**3 - 8*f**2 + 17*f - 8. Determine s(3).
-56
Let p(g) = 153*g + 1045. Determine p(-7).
-26
Let z(i) = i**3 - 26*i**2 + 58*i + 224. What is z(5)?
-11
Let g(w) = -w**3 - 20*w**2 - 282*w - 1342. Give g(-7).
-5
Let j(r) = -350*r - 49027. Calculate j(-140).
-27
Let n(h) = h**3 - 12*h**2 + 28*h - 54. Calculate n(9).
-45
Let i(w) = -15*w**2 + 92*w - 94. Determine i(1).
-17
Let x(c) = -c**2 - 3*c + 261. Calculate x(13).
53
Let r(t) = -4*t**2 - 11*t - 11. Give r(-1).
-4
Let u(t) = 8*t**2 - 9*t - 9. Calculate u(-2).
41
Let v(y) = -18*y - 143. Determine v(-9).
19
Let x(g) = 147*g + 587. Calculate x(-4).
-1
Let b(h) = 2*h**3 - 69*h**2 + 94*h + 137. Determine b(33).
-28
Let g(k) = 127*k - 901. Calculate g(7).
-12
Let t(r) = r**3 + 9*r**2 - 50*r + 40. Determine t(-13).
14
Let i(w) = -13*w + 22. What is i(20)?
-238
Let f(c) = c**3 + 12*c**2 + 6*c + 50. Determine f(-12).
-22
Let j(u) = -u**2 + 15*u - 4. Calculate j(16).
-20
Let p(h) = -845*h + 12739. What is p(15)?
64
Let l(s) = -68*s + 684. Calculate l(10).
4
Let w(u) = -2*u**3 + 36*u**2 + 14*u - 21. Determine w(19).
-477
Let r(d) = -d**3 + 53*d**2 - 28*d - 1250. Calculate r(52).
-2
Let m(s) = s**2 + 21*s - 178. Calculate m(6).
-16
Let q(d) = -45*d + 2345. Determine q(53).
-40
Let u(d) = d**3 - 10*d**2 + 24*d - 42. What is u(9)?
93
Let h(l) = 12*l**2 + 1327*l - 1910. Determine h(-112).
-6
Let b(q) = -4*q**3 - 38*q**2 - 19*q + 30. Determine b(-11).
965
Let w(g) = -g**2 - 39*g - 263. What is w(-27)?
61
Let a(b) = -b**3 - 19*b**2 + 4*b + 9. Calculate a(-20).
329
Let z(j) = 4*j**2 - 24*j - 31. Calculate z(7).
-3
Let z(q) = q**3 - 37*q**2 - 357*q - 122. What is z(45)?
13
Let r(m) = 2*m**3 + 21*m**2 + 31*m - 122. Give r(-5).
-2
Let c(u) = -3*u**2 - 34*u + 214. Determine c(-21).
-395
Let d(b) = -2*b**2 - 9*b + 6327. What is d(54)?
9
Let f(u) = 7*u + 198. Calculate f(-12).
114
Let w(r) = -2*r**3 - 72*r**2 - 72*r - 79. Calculate w(-35).
-9
Let c(l) = 2*l**3 - 26*l - 31. Give c(4).
-7
Let f(m) = -101*m + 25658. What is f(254)?
4
Let a(s) = -s**3 - 10*s**2 + 141*s + 988. Calculate a(-15).
-2
Let a(l) = -l**3 + 7*l**2 - 3*l + 29. What is a(7)?
8
Let x(f) = 2*f**3 + 35*f**2 + 42*f + 40. Calculate x(-16).
136
Let j(z) = z**3 + 9*z**2 + 2*z - 22. Determine j(-6).
74
Let a(c) = 5*c**3 + 271*c**2 - 219*c + 62. Determine a(-55).
7
Let r(y) = -16*y + 450. Determine r(28).
2
Let k(f) = -f**3 - 6*f**2 - 13*f - 21. Determine k(-4).
-1
Let c(z) = -2*z**2 + 89*z - 178. What is c(2)?
-8
Let g(q) = 47*q**2 + 2413*q - 1604. Calculate g(-52).
8
Let v(d) = 129*d - 1061. Determine v(9).
100
Let n(m) = 110*m**3 + 2858*m**2 - 52*m + 26. What is n(-26)?
26
Let r(a) = a**3 - 19*a**2 + 49*a + 374. Give r(13).
-3
Let h(q) = 80*q**2 + 14160*q - 1. Determine h(-177).
-1
Let x(s) = s**3 - 32*s**2 + 220*s + 5. Calculate x(11).
-116
Let y(w) = -216*w - 3031. Give y(-14).
-7
Let n(u) = u**2 - 1436*u + 46301. Calculate n(33).
2
Let k(p) = -2*p**2 - 8*p + 201. Calculate k(-12).
9
Let r(j) = 112*j**2 - 9862*j + 537. Calculate r(88).
9
Let y(r) = 725*r - 72. Calculate y(1).
653
Let x(p) = p**3 + 32*p**2 + 61*p - 66. Determine x(-30).
-96
Let f(k) = k**2 + 10*k - 167. What is f(-20)?
33
Let g(l) = -17*l**2 - 214*l + 124. Give g(-13).
33
Let k(u) = -u**3 + 20*u**2 - 20*u + 24. What is k(19)?
5
Let y(b) = 2*b**2 + 54*b + 314. What is y(-22)?
94
Let o(t) = 42*t + 1113. Determine o(-25).
63
Let n(b) = 1804*b + 52315. Calculate n(-29).
-1
Let u(h) = -12*h**2 - 81*h - 9. Calculate u(-7).
-30
Let b(s) = -3*s + 358. Give b(79).
121
Let w(u) = u**3 + 4*u**2 + 21*u + 47. What is w(-3)?
-7
Let x(n) = n**2 + 39*n - 3823. What is x(45)?
-43
Let y(b) = -2*b**2 - 65*b - 386. Calculate y(-28).
-134
Let n(x) = 190*x + 2. Give n(-1).
-188
Let p(a) = 11*a**3 + 15*a**2 - 3*a + 1. Calculate p(-3).
-152
Let s(t) = -586*t + 16. Give s(-1).
602
Let d(f) = f**2 + 16*f - 39. What is d(0)?
-39
Let f(b) = -2*b**3 - 9*b**2 + 24*b + 90. Determine f(-7).
167
Let w(d) = d**3 - 15*d**2 + 52*d - 18. Calculate w(10).
2
Let g(m) = -m**3 - 31*m**2 - 245*m + 23. What is g(-15)?
98
Let r(n) = -39*n + 1599. Give r(41).
0
Let i(c) = 94*c - 386. Determine i(7).
272
Let b(k) = -k**3 + 10*k**2 - 13*k - 37. Give b(8).
-13
Let f(u) = 256*u + 516. What is f(-3)?
-252
Let y(v) = -95*v - 1185. Give y(-13).
50
Let m(l) = -l**2 - 880*l - 3501. Determine m(-4).
3
Let d(n) = -n**3 + 11*n**2 - n + 17. Give d(4).
125
Let k(b) = 4*b**3 + b**2 - 3*b + 298. What is k(0)?
298
Let b(x) = 5*x**2 - 38*x. Calculate b(8).
16
Let a(x) = -15*x + 63. Give a(11).
-102
Let t(u) = 1633*u - 17970. Determine t(11).
-7
Let f(q) = -10596*q + 84764. Give f(8).
-4
Let y(d) = -d**2 + 15*d + 25. Determine y(0).
25
Let v(h) = -1045*h - 6255. Calculate v(-6).
15
Let v(x) = -2937*x - 14656. What is v(-5)?
29
Let i(k) = -25*k + 38. What is i(0)?
38
Let b(s) = -2*s**2 - 2*s + 17. What is b(-7)?
-67
Let b(i) = 90*i + 1467. What is b(-16)?
27
Let u(n) = 2*n - 29. Calculate u(26).
23
Let h(j) = 2*j**3 + 220*j**2 - 450*j - 200. Give h(-112).
24
Let r(x) = -85*x - 2008. What is r(-23)?
-53
Let c(z) = z**3 - 125*z**2 + 246*z - 6. Calculate c(123).
-6
Let c(r) = 2*r**2 - 22*r + 64. Determine c(5).
4
Let n(k) = k**2 + 60*k - 1707. Determine n(21).
-6
Let d(p) = p**3 - 35*p**2 + 62*p - 105. Calculate d(33).
-237
Let q(l) = -5*l**2 - 19*l + 112. What is q(3)?
10
Let j(h) = h**3 + 220*h**2 - 1342*h + 3169. Determine j(-226).
5
Let l(u) = 9*u**2 - 78*u + 6. Determine l(8).
-42
Let v(a) = 418*a - 65618. Determine v(157).
8
Let i(a) = -2*a**3 - 9*a**2 + 22*a + 11. Determine i(-6).
-13
Let q(b) = -2*b**3 + 37*b**2 + 14*b + 91. Determine q(19).
-4
Let o(g) = 278*g + 55335. What is o(-199)?
13
Let t(f) = -3*f + 106. Give t(39).
-11
Let j(c) = 2*c**2 - 80*c - 76. Calculate j(40).
-76
Let l(f) = f**2 - 15*f + 7. Give l(9).
-47
Let i(j) = -161*j**3 - 8*j**2 - 5*j + 5. Give i(1).
-169
Let n(b) = b**2 + 27*b + 154. Give n(-18).
-8
Let r(l) = -l**3 + 14*l**2 - 33*l - 38. Calculate r(7).
74
Let z(u) = 4*u**2 - 44*u + 38. Determine z(11).
38
Let x(l) = -6*l**3 - 6*l**2 + 6*l - 1. Calculate x(-3).
89
Let r(s) = s**2 - 864*s - 1732. Calculate r(-2).
0
Let g(w) = 23*w - 500. Give g(32).
236
Let z(u) = -u**2 - 22*u + 31. What is z(-19)?
88
Let l(h) = h**3 - 223*h**2 + 244*h - 4878. What is l(222)?
6
Let o(g) = -205*g + 2688. What is o(13)?
23
Let i(f) = -1327*f + 10634. Give i(8).
18
Let u(l) = 23*l**2 - 148*l + 187. Calculate u(2).
-17
Let f(t) = t**2 - 664*t - 10177. Give f(-15).
8
Let r(z) = z**3 - 10*z**2 + 12*z - 126. What is r(10)?
-6
Let p(t) = 41*t**2 + 1478*t + 76. Determine p(-36).
4
Let s(o) = 174*o - 854. What is s(6)?
190
Let v(b) = -2*b**3 + 59*b**2 + 22*b + 238. Give v(30).
-2
Let i(g) = -g**3 + 81*g**2 - 479*g - 2895. Calculate i(74).
-9
Let i(j) = 67*j**3 - 2344*j**2 - 58*j + 799. What is i(35)?
-6
Let x(t) = 64*t - 82. What is x(2)?
46
Let c(j) = -j**3 + 392*j**2 + 1204*j - 7509. Calculate c(395).
-4
Let m(f) = -f**3 + 10*f**2 - 21*f + 89. Determine m(9).
-19
Let c(l) = -49*l - 62. Determine c(-6).
232
Let t(w) = 12*w**2 + 2*w - 10. Calculate t(-4).
174
Let o(t) = 3*t**2 + 117*t - 231. Determine o(2).
15
Let m(r) = -405*r + 4463. What is m(11)?
8
Let l(m) = -10*m**2 + 14*m + 210. Calculate l(-4).
-6
Let n(y) = 105*y + 1212. Give n(-14).
-258
Let j(k) = -k**2 + 737*k - 129324. Determine j(288).
-12
Let h(o) = 577*o + 2881. What is h(-5)?
-4
Let n(o) = -4*o**2 + 18*o - 64. Calculate n(4).
-56
Let i(t) = -t**2 + 10*t + 11. Determine i(16).
-85
Let k(i) = i**3 + 54*i**2 + 202*i + 11. Give k(-4).
3
Let f(t) = 26*t - 887. Give f(46).
309
Let q(u) = 23*u**2 + 79*u + 11. Determine q(-3).
-19
Let k(j) = -j**3 - 56*j**2 + 60*j - 39. Determine k(-57).
-210
Let w(g) = 74*g**3 - 3*g**2 - g + 1. What is w(-1)?
-75
Let c(f) = 19*f**2 + 660*f - 216. Determine c(-35).
-41
Let u(d) = d**2 - 32*d + 206. Calculate u(12).
-34
Let g(n) 